 216893108?
False
Is 1844 a factor of 11034496?
True
Is 114638400 a multiple of 96?
True
Is 28541150 a multiple of 55?
True
Does 14 divide 25114097?
False
Is 4586546 a multiple of 127?
False
Is 160141176 a multiple of 51?
False
Is 795966468 a multiple of 418?
True
Is 55 a factor of 4785330?
True
Is 1891 a factor of 1924979379?
True
Is 435014184 a multiple of 96?
False
Is 480 a factor of 1270423680?
True
Is 107 a factor of 1733186?
True
Is 1364897260 a multiple of 20?
True
Is 782238107 a multiple of 59?
True
Is 206 a factor of 1771433140?
True
Is 14873336 a multiple of 377?
False
Does 13 divide 734261171?
False
Is 397938622 a multiple of 334?
True
Does 4545 divide 3449277765?
True
Is 957628 a multiple of 30?
False
Is 712 a factor of 2002704344?
True
Is 46 a factor of 26769938?
False
Does 75 divide 17880375?
True
Does 120 divide 36363862?
False
Is 68 a factor of 888693379?
False
Is 1947 a factor of 4977920?
False
Is 1298 a factor of 1274712582?
True
Does 294 divide 1024794036?
True
Is 18299565 a multiple of 688?
False
Is 340 a factor of 450313340?
True
Does 511 divide 174700680?
True
Is 14 a factor of 20603044?
True
Does 24 divide 98610904?
False
Is 15861651 a multiple of 742?
False
Does 650 divide 128641500?
True
Does 53 divide 10745705?
False
Is 89470669 a multiple of 11?
False
Is 18129006 a multiple of 63?
True
Is 52867008 a multiple of 272?
True
Is 10 a factor of 56715646?
False
Does 3068 divide 82983264?
True
Does 371 divide 2600787910?
True
Does 79 divide 31157001?
False
Is 425789716 a multiple of 11?
True
Is 160956748 a multiple of 113?
True
Is 1580 a factor of 44551260?
True
Does 1614 divide 109891013?
False
Does 2677 divide 113400639?
False
Is 3168097 a multiple of 86?
False
Is 5 a factor of 25550918?
False
Is 66 a factor of 2453616?
True
Is 438 a factor of 105013128?
True
Does 468 divide 262435680?
True
Is 40 a factor of 26330600?
True
Does 6448 divide 1848612925?
False
Is 1025 a factor of 1415684005?
False
Does 140 divide 97317080?
True
Does 20 divide 528959260?
True
Is 3039 a factor of 127495450?
False
Does 120 divide 488374200?
True
Is 408646008 a multiple of 4?
True
Is 5900 a factor of 314182009?
False
Is 134 a factor of 49718824?
True
Does 68 divide 197354417?
False
Does 42 divide 876851720?
False
Is 1526 a factor of 3532914401?
False
Does 35 divide 109062715?
False
Is 426964720 a multiple of 15?
False
Does 214 divide 103737570?
True
Does 251 divide 1491154605?
True
Is 329 a factor of 84836201?
False
Does 575 divide 5607518450?
True
Does 36 divide 142213176?
True
Is 237004512 a multiple of 19?
False
Does 58 divide 1575324022?
True
Does 1232 divide 81638822?
False
Is 4245 a factor of 738507022?
False
Is 3517758767 a multiple of 26?
False
Does 10 divide 73798257?
False
Is 28 a factor of 9061388?
True
Is 463 a factor of 380116108?
False
Does 703 divide 182003516?
False
Is 15506403 a multiple of 33?
True
Is 573720832 a multiple of 32?
True
Is 10 a factor of 51927474?
False
Does 1961 divide 309980331?
False
Is 17634253 a multiple of 7?
True
Does 267 divide 28919149?
False
Is 1141353600 a multiple of 1200?
True
Is 2584 a factor of 1700496808?
True
Does 2099 divide 133496158?
False
Is 10124485 a multiple of 805?
True
Is 48 a factor of 260719920?
True
Is 5 a factor of 20331160?
True
Is 9 a factor of 19529533?
False
Is 6 a factor of 104231300?
False
Does 186 divide 609172134?
True
Is 149 a factor of 853654674?
True
Does 103 divide 26879086?
True
Is 191177146 a multiple of 287?
False
Is 8 a factor of 20966515?
False
Does 97 divide 30182443?
False
Is 94327132 a multiple of 101?
True
Is 904 a factor of 6544004472?
True
Does 18 divide 24478218?
True
Does 178 divide 164016676?
True
Is 20 a factor of 123739220?
True
Is 89 a factor of 1913947907?
False
Is 15478066 a multiple of 746?
False
Does 1214 divide 118552639?
False
Does 2673 divide 134941059?
True
Is 366179474 a multiple of 1174?
False
Does 3080 divide 114157120?
True
Does 418 divide 45303932?
False
Is 5831 a factor of 229324578?
False
Is 69565230 a multiple of 405?
True
Is 55230786 a multiple of 699?
True
Does 22 divide 694935626?
True
Is 427 a factor of 6149654?
True
Is 752769024 a multiple of 4416?
True
Does 267 divide 794546159?
False
Does 987 divide 2111377569?
True
Does 645 divide 21355305?
True
Is 86 a factor of 141453556?
False
Is 1362 a factor of 193989660?
True
Does 9 divide 436378138?
False
Does 25 divide 418190175?
True
Is 345161414 a multiple of 99?
False
Does 394 divide 15082714?
True
Does 3459 divide 1644287038?
False
Is 1554 a factor of 20573406?
True
Is 424 a factor of 82095304?
True
Is 317676142 a multiple of 4081?
False
Is 278 a factor of 48880740?
True
Is 22 a factor of 448621536?
True
Does 5 divide 832295?
True
Is 96 a factor of 393393504?
True
Is 1447463445 a multiple of 1345?
True
Is 1024801428 a multiple of 318?
True
Is 1291750002 a multiple of 142?
True
Is 121614284 a multiple of 191?
True
Is 12 a factor of 38029389?
False
Is 180473880 a multiple of 34?
False
Is 21378239 a multiple of 14?
False
Is 24829011 a multiple of 81?
True
Is 237 a factor of 17137765?
False
Does 176 divide 3321120?
True
Is 350 a factor of 30367050?
True
Is 407 a factor of 26124923?
True
Is 1353792048 a multiple of 602?
True
Is 247574580 a multiple of 10?
True
Is 39 a factor of 98947027?
False
Is 13 a factor of 623826515?
True
Is 308371857 a multiple of 17?
True
Is 29 a factor of 210690892?
False
Does 54 divide 438655554?
True
Does 27 divide 1825348284?
True
Is 3908090591 a multiple of 1193?
False
Does 22 divide 931653732?
False
Is 103 a factor of 47971117?
True
Is 32 a factor of 30235488?
True
Is 15631570 a multiple of 69?
False
Is 24 a factor of 356987179?
False
Is 712 a factor of 1373907240?
True
Is 22969266 a multiple of 270?
False
Is 486921615 a multiple of 345?
True
Does 4264 divide 1741315264?
True
Is 6 a factor of 17977356?
True
Does 81 divide 7166357019?
False
Does 154 divide 50092658?
True
Is 43020297 a multiple of 178?
False
Is 608 a factor of 1013903127?
False
Does 321 divide 11916764?
False
Is 28 a factor of 3674580?
True
Is 269565719 a multiple of 6503?
False
Does 116 divide 141718012?
True
Is 595 a factor of 95609175?
False
Is 903 a factor of 16590819?
True
Is 62 a factor of 128971780?
True
Is 407438694 a multiple of 568?
False
Is 3719840 a multiple of 134?
True
Is 752116 even?
True
Is 2142 a factor of 110681676?
False
Does 386 divide 157639312?
True
Is 16 a factor of 1599808?
True
Is 383 a factor of 41107773?
True
Is 23 a factor of 126433484?
True
Does 5 divide 14926171?
False
Is 264790950 a multiple of 470?
True
Is 22234331 a multiple of 7?
True
Does 2 divide 179753354?
True
Is 182 a factor of 268867690?
True
Is 2773623177 a multiple of 13?
True
Is 50 a factor of 368697800?
True
Is 121201764 a multiple of 12?
True
Is 54233823 a multiple of 11?
False
Is 1943838 a multiple of 234?
True
Is 28880676 a multiple of 990?
False
Is 1584 a factor of 696122064?
True
Is 90 a factor of 1097276868?
False
Is 330910289 a multiple of 13?
False
Does 8 divide 21870980?
False
Is 11 a factor of 9709777?
True
Does 2413 divide 10888668?
False
Is 29 a factor of 14247921?
False
Does 4 divide 25219851?
False
Is 293 a factor of 55610284?
False
Is 91097776 a multiple of 77?
True
Does 192 divide 50429429?
False
Is 1072878 a multiple of 26?
False
Is 758 a factor of 256758098?
True
Is 508294815 a multiple of 35?
True
Is 646 a factor of 96911333?
False
Is 4507 a factor of 168575321?
True
Does 6186 divide 2153321856?
True
Does 60 divide 222069900?
True
Does 1780 divide 119035581?
False
Is 2467458694 a multiple of 137?
False
Is 52338909 a multiple of 15?
False
Is 862929720 a multiple of 18?
True
Is 88671850 a multiple of 13?
False
Is 59 a factor of 36346006?
True
Does 835 divide 773275067?
False
Does 40 divide 1077131266?
False
Is 15149757 a multiple of 80?
False
Is 6073204 a multiple of 35?
False
Is 89 a factor of 1007078993?
False
Is 80786105 a multiple of 131?
False
Does 376 divide 581505432?
True
Does 6 divide 31562076?
True
Is 5 a factor of 30366710?
True
Is 527 a factor of 403196095?
False
Does 177 divide 333242856?
True
Is 919 a factor of 744214743?
False
Is 1798 a factor of 1014428872?
False
Is 33437680 a multiple of 10?
True
Is 383147308 even?
True
Is 2701743 a multiple of 11?
True
Is 218831802 a